0 + -13
5
(-6 + 7 - 4) + 6
3
What is the value of -1 - 1 - -1 - (-18 + 20)?
-3
Evaluate -4 + 0 - (4 - 10 - 4).
6
-8 + 6 + -3 + (47 - 36)
6
What is the value of (-4 - -11) + -2 + (-3 - -5)?
7
Calculate -5 - (-1 + -2) - 4.
-6
Calculate 7 + -11 + -4 - (3 + -6).
-5
Evaluate -84 - -90 - (1 - (2 + -4)).
3
Evaluate -7 - (-5 + -11 + 9).
0
What is the value of (-9 - -5 - -3) + -1?
-2
What is 4 + -3 + -6 + 2 + 2?
-1
-3 + (2 - 0) + -3
-4
(-6 - (-5 + -1 + -3)) + -1
2
Evaluate 3 - (5 + 5 + -6 + -2).
1
Calculate -3 + 2 + 1 + 3 - -4.
7
What is -7 + 2 - ((-5 - 4) + 5)?
-1
Evaluate 5 + -1 + -3 + (2 - -1).
4
What is the value of 6 - ((1 - (-1 + -9)) + -2)?
-3
What is the value of (1 + 0 - -1) + -2 + -1?
-1
Evaluate -11 - -8 - (-8 + (-5 - -3)).
7
Evaluate 6 - (-5 - (-4 + -5)).
2
Calculate 6 - (5 + -3 + (-1 - 2)).
7
What is the value of -8 - 0 - (-24 + 8) - 2?
6
-4 - (-1 + 0 + 0 + 0)
-3
What is the value of -6 + 17 + 7 + -9?
9
Evaluate 22 + -32 + 1 + 5.
-4
What is (-7 - 1) + (-2 - -12 - 2)?
0
What is -2 - (6 + 1 - (28 - 22))?
-3
Calculate 1 + 1 - (-13 + 14) - 4.
-3
What is the value of 9 - (5 + -5 - -7)?
2
What is (4 - (1 + -2)) + -1 + -3?
1
Calculate -5 - (6 - 2 - 8).
-1
What is -2 + -2 - 0 - 0?
-4
Calculate -2 + (-1 - -4) + -1.
0
Calculate -44 + 47 - (2 - 2).
3
What is the value of 0 + -5 + 8 + (5 - 4)?
4
Calculate (-1 - -8) + -6 - -3.
4
Calculate (-2 - 9) + (3 - -2).
-6
Evaluate 1 + (1 - 0) + 1 + -1.
2
Calculate 2 + (-4 - (5 - (-8 - -6))).
-9
Evaluate (-3 - 2 - (-8 - -5)) + -7.
-9
What is the value of (6 - 1 - 4) + 0?
1
Calculate (7 - (6 + 0)) + (2 - 5).
-2
What is 5 - (-1 - 4 - (10 + -14))?
6
Calculate 16 - (2 - 3) - 10.
7
What is the value of 9 + -1 + 3 + -6?
5
Calculate 1 + 5 + -6 - 1.
-1
Calculate -4 + (-1 - -3) + (0 - 0).
-2
Evaluate 2 - 0 - -1 - -2 - 4.
1
-3 + 0 + 2 + 8 + -6
1
What is (-2 - 3 - -3) + 4?
2
Evaluate 22 + (-21 - (-2 + -4)).
7
Evaluate -3 - -6 - 2 - (0 + 2).
-1
Evaluate (1 - (-2 - 0) - 5) + 0.
-2
What is the value of -139 - -148 - (13 + 0)?
-4
Evaluate 0 + 33 + -28 + (-5 - -1).
1
Calculate 0 + -2 - (5 + -1 + -6).
0
What is 3 + -2 + -1 - -2?
2
What is the value of (-9 + 8 - (-7 + 2)) + -4?
0
What is the value of 0 - 2 - (-14 - -11) - 0?
1
Evaluate (-4 - 4) + 8 + -5.
-5
3 - -3 - (-2 + 1 - -4)
3
Calculate 7 + 2 + (-3 - (7 - 3)).
2
What is the value of 3 + 0 + 3 - 3?
3
Calculate 5 + -5 + -7 + 9.
2
What is the value of 7 + -1 + (6 + 2 - 14)?
0
What is 6 - (3 + -8 - (-9 + 3))?
5
Evaluate 8 + (-7 - 2) + 1.
0
(4 - (-6 - -8)) + -2 + 2
2
Calculate -5 + (2 - -4) + 2 + 1.
4
What is the value of 1 - -2 - (11 + -3)?
-5
Evaluate -5 + (3 - 2 - 1).
-5
7 + (-5 - -16 - 7 - 11)
0
-5 - (7 - (-4 - -1 - -13))
-2
Evaluate 4 - (10 - (-6 + 7)).
-5
Calculate 1 - ((-11 - -17) + -5).
0
-10 - (2 - (6 - 0))
-6
Evaluate (5 - 4) + (0 - 4).
-3
What is the value of -3 - (-1 - (-3 - -2))?
-3
Evaluate -8 - ((0 - 9) + 9).
-8
What is the value of -7 + -7 + (8 - (7 - 23))?
10
What is the value of 7 + -3 + -5 + 6?
5
(-15 - -13) + 0 + -1
-3
Evaluate -4 - (-2 - -5 - -2 - 3).
-6
Calculate -5 + 11 - (6 + 2).
-2
What is the value of 5 - 4 - 4 - 2?
-5
Calculate -13 + (14 - (5 + 1)).
-5
Evaluate 7 + 0 + -57 + 44.
-6
Calculate (3 - 3) + (-10 + 18 - 9).
-1
What is the value of 21 - 22 - (2 - (1 - 0))?
-2
What is the value of (25 - 28) + -1 + 9?
5
Evaluate -3 - 1 - (3 + -4).
-3
3 - (14 - 14) - (-1 + 2)
2
Calculate -1 - ((2 - -1) + -2).
-2
What is 0 + (-1 + -5 - -9) + -8?
-5
What is the value of -1 - (-3 - -4 - (-2 + 3))?
-1
What is the value of -1 + (3 - (4 + -6)) - 9?
-5
Evaluate 4 - (2 - (-2 + 4 + -1)).
3
Calculate 4 + (3 + -3 + -2 - 4).
-2
What is -9 + (0 - (-5 - -7)) + 6?
-5
Calculate 4 - (16 + -3 - 6).
-3
Evaluate 3 - (1 - (-5 - -6) - 0).
3
Evaluate -1 + 12 + -5 - 5 - -6.
7
Evaluate -4 + 1 + -100 + 109.
6
Evaluate 7 + (2 - (15 + 1)).
-7
Calculate -3 + (-1 - -1 - 1).
-4
What is -1 + 5 - (5 + -1 + 0)?
0
Calculate (-20 - -10 - -7) + 5 + -3.
-1
What is -3 - (-3 + 6 - 2)?
-4
(-1 - 1 - (-2 + 1)) + 2
1
What is the value of 6 - (3 + (-3 - -10)) - -5?
1
What is -1 - (13 + -21 - 1)?
8
What is (66 - 60) + (-2 - -5)?
9
What is the value of 5 + -4 + 2 + (-2 - -3)?
4
Evaluate 7 + (-7 - 4) + -3.
-7
What is the value of 0 + 8 + -6 - (1 + 4)?
-3
-2 - (-13 + 5 + 5)
1
Evaluate (-2 - -18) + -6 - 5.
5
-4 - (-6 - (4 + -7))
-1
Calculate 6 - (2 + 4 - 1).
1
Evaluate (-3 - (-12 - 3) - 3) + -2.
7
What is the value of (-78 - -80) + 0 + 6?
8
-1 - (1 + 4 + -6)
0
Calculate -35 + 39 - (0 - 0).
4
What is -1 + 2 - (28 + -22)?
-5
Calculate -21 + (10 - -4) + (-1 - 1).
-9
What is (-6 + 22 - 9) + -11?
-4
What is (2 + (3 - -1) - 9) + 3?
0
Calculate (0 + 7 - (-11 + 14)) + -4.
0
What is the value of (-2 - -1 - -4) + -1?
2
What is the value of 22 - 21 - (0 - 2)?
3
What is 3 - (6 + -7) - 2?
2
What is the value of (-99 - -112) + (2 - 19)?
-4
(3 - 2) + (26 - 31)
-4
Evaluate 3 + -2 - (5 + (-1 - 4)).
1
What is the value of -2 + 4 + -2 - (23 - 25)?
2
What is the value of -5 - 0 - (-4 + 4 + 2)?
-7
Evaluate (-20 - -7) + 9 + 0.
-4
What is 12 - (17 + (5 - 12) + -6)?
8
What is the value of -3 + 6 + -2 + -5?
-4
What is the value of (-22 + 12 - 0) + 4?
-6
What is (-1 + 0 - 4) + (7 - 1)?
1
(0 - 7) + (2 - -10)
5
12 + -13 + 21 + -11
9
What is 8 + 11 + -6 + (-2 - 5)?
6
Evaluate 1 - (-3 + 2 + 4).
-2
-5 - (-13 + 5 - -6)
-3
-2 + (-6 - -10) - 0 - 5
-3
What is the value of 5 - (-1 - (-7 - -3) - 3)?
5
Calculate 6 + (-3 - 4) - (3 + -15).
11
Evaluate 1 + 0 - (61 - 54).
-6
What is 6 + -7 - (3 - 6)?
2
What is (-3 - (-1 - -9)) + 12?
1
What is 3 + 1 - (-3 - -4)?
3
Calculate 0 - ((7 - 4) + 3).
-6
Calculate 1 + -1 - 4 - (-9 - -1).
4
What is the value of 2 + -2 + 8 - 1?
7
Calculate -2 - ((-1 - 0) + (-14 - -11)).
2
Evaluate -7 - -9 - ((8 - -1) + -2).
-5
Evaluate (-2 - (-1 - -2)) + (175 - 175).
-3
Calculate -16 + 8 + 13 - 12.
-7
-2 + (-20 - -17 - (-8 - 0))
3
Evaluate 0 + 16 - ((1 - 0) + 4).
11
Calculate (1 - 3) + 4 + 0 + -7.
-5
Calculate -2 + 2 - -1 - 6.
-5
Evaluate -5 + 8 + (-15 + 9 - -5).
2
Calculate 1 - 3 - (2 - -4).
-8
What is the value of (-1 - 1 - (-1 + 2)) + -2?
-5
Calculate 2 + -4 + 5 + 2 + -5.
0
What is the value of 6 - 2 - -1 - 3?
2
What is 15 + -13 - (1 + -3)?
4
Evaluate 1 + (-11 - -20) + -1.
9
What is the value of (0 - 1) + -5 + 11?
5
What is the value of (10 - -6) + -25 - (-2 + 0)?
-7
Evaluate (14 - 4 - 2) + -2 - 0.
6
Calculate -1 + 3 - (18 + (-3 - 10)).
-3
(-1 - -3) + -1 + -4
-3
Evaluate 5 + 6 + -5 - 11.
-5
What is -5 + 5 - (-3 + 8)?
-5
Evaluate 3 + -10 + 4 + 1.
-2
-4 - -2 - (-27 + 21)
4
Evaluate 3 - (6 + 2 + -5 + 1).
-1
Calculate -1 + 7 + -6 - -3.
3
Evaluate 1 - 0 - (8 - 5).
-2
Evaluate (0 - ((-3 - -3) + 1)) + 3.
2
What is -2 - (6 - 5 - 6) - 5?
-2
Calculate (3 - 4) + (1 - 0).
0
2 - (1 - 0) - (-24 + 28)
-3
8 - (8 - -4) - -1
-3
2 + (-2 - -5 - 7)
-2
What is the value of -11 - -22 - (5 + -1) - 3?
4
What is the value of 1 - (5 + -3 + -1)?
0
Evaluate -4 + -6 + 9 + -1.
-2
What is 2 + 6 + -15 + 0?
-7
Evaluate 5 + 3 + 1 - 4.
5
6 - (-3 + 4 + 7 + -6)
4
Calculate -1 + (-7 - -5 - 2).
-5
1 + (-4 - (-9 + 0)) - 3
3
What is 20 - (4 + -3 + 11)?
8
Evaluate 3 - -1 - (-3 + -8 + 12).
3
Calculate 1 + 2 + -18 + 20 - 2.
3
What is -7 - ((3 - 2) + -5)?
-3
Evaluate (-1 - -2) + (4 - 7).
-2
Calculate 17 + 8 + -10 - 11.
4
0 + -9 - (6 + -14 - -7)
-8
2 + (4 - (6 - (3 - 0)))
3
What is the value of 4 - ((0 - 8) + 7 - -10)?
-5
Evaluate (-2 - (-1 - -1)) + (1 - 0).
-1
Evaluate (5 - 3) + -8 + (120 - 122).
-8
What is the value of -1 + (3 - 3) - -6?
5
Evaluate 2 + (-8 - (-5 - -1)).
-2
13 + -1 - (9 - 4)
7
What is 5 + -2 - (11 + (1 - 4))?
-5
What is (-20 - (4 - 9)) + 9?
-6
9 - (-2 + -13 - -28)
-4
What is the value of (36 - 34) + (-1 - -6)?
7
(7 - 8) + -2 - 2
-5
Calculate -6 - -2 - -3 - (0 + 1).
-2
What is -1 + (6 - (11 - (6 - -1)))?
1
Evaluate (3 - 7) + (-3 - -4).
-3
Evaluate 2 + (0 + 1 - (7 + -1)).
-3
(4 - 4) + (4 - 5) + -2
-3
-11 + 1 - (2 + -18)
6
Calculate 19 - 16 - ((0 - -1) + -1).
3
Evaluate -11 + (-9 - -3) + 10.
-7
17 + -8 + 1 + -6 - -1
5
What is the value of -14 - -3 - (10 - 20)?
-1
Evaluate -2 + 0 + 6 + -7 + 8.
5
What is (0 + 7 - 2) + -1?
4
What is (-1 + 2 + 0 - 4) + 7?
4
What is the value of 3 - (1 + 10 + -3 + -1)?
-4
Evaluate (1 + 9 - 10) + -9.
-9
Evaluate 8 + (6 - 12 - -8).
10
What is the value of 5 + -16 + 7 + -4 + 4?
-4
What is 2 - (4 - (8 - (-2 - -6)))?
2
Calculate 2 + 